{"id":5963,"date":"2015-11-04T13:47:27","date_gmt":"2015-11-04T18:47:27","guid":{"rendered":"https:\/\/isabelleradford.com\/?page_id=5963"},"modified":"2015-11-04T14:24:30","modified_gmt":"2015-11-04T19:24:30","slug":"ceremonie-a-leglise-mariages-religieux-a-quebec","status":"publish","type":"page","link":"https:\/\/isabelleradford.com\/fr\/ceremonie-a-leglise-mariages-religieux-a-quebec\/","title":{"rendered":"C\u00e9r\u00e9monie \u00e0 l\u2019\u00e9glise ! Mariages religieux \u00e0 Qu\u00e9bec"},"content":{"rendered":"<p><a href=\"\/\/www.pinterest.com\/pin\/create\/button\/\" data-pin-do=\"buttonBookmark\" data-pin-color=\"red\" data-pin-height=\"128\"><img decoding=\"async\" src=\"\/\/assets.pinterest.com\/images\/pidgets\/pinit_fg_en_rect_red_28.png\" \/><\/a><\/p>","protected":false},"excerpt":{"rendered":"","protected":false},"author":2,"featured_media":0,"parent":0,"menu_order":0,"comment_status":"closed","ping_status":"closed","template":"portfolio-two-column-text.php","meta":{"footnotes":""},"class_list":["post-5963","page","type-page","status-publish","hentry"],"aioseo_notices":[],"_links":{"self":[{"href":"https:\/\/isabelleradford.com\/fr\/wp-json\/wp\/v2\/pages\/5963","targetHints":{"allow":["GET"]}}],"collection":[{"href":"https:\/\/isabelleradford.com\/fr\/wp-json\/wp\/v2\/pages"}],"about":[{"href":"https:\/\/isabelleradford.com\/fr\/wp-json\/wp\/v2\/types\/page"}],"author":[{"embeddable":true,"href":"https:\/\/isabelleradford.com\/fr\/wp-json\/wp\/v2\/users\/2"}],"replies":[{"embeddable":true,"href":"https:\/\/isabelleradford.com\/fr\/wp-json\/wp\/v2\/comments?post=5963"}],"version-history":[{"count":1,"href":"https:\/\/isabelleradford.com\/fr\/wp-json\/wp\/v2\/pages\/5963\/revisions"}],"predecessor-version":[{"id":5964,"href":"https:\/\/isabelleradford.com\/fr\/wp-json\/wp\/v2\/pages\/5963\/revisions\/5964"}],"wp:attachment":[{"href":"https:\/\/isabelleradford.com\/fr\/wp-json\/wp\/v2\/media?parent=5963"}],"curies":[{"name":"wp","href":"https:\/\/api.w.org\/{rel}","templated":true}]}}

Cérémonie à l’église ! Mariages religieux à Québec
