{"id":3719,"date":"2013-11-07T10:46:27","date_gmt":"2013-11-07T15:46:27","guid":{"rendered":"https:\/\/isabelleradford.com\/portfolio-items\/quebec-city-felix-leclerc-park-2\/"},"modified":"2015-10-31T08:02:09","modified_gmt":"2015-10-31T12:02:09","slug":"quebec-city-felix-leclerc-park","status":"publish","type":"avada_portfolio","link":"https:\/\/isabelleradford.com\/fr\/portfolio-items\/quebec-city-felix-leclerc-park\/","title":{"rendered":"C\u00e9r\u00e9monie de mariage automnale"},"content":{"rendered":"<p>C\u00e9r\u00e9monie de mariage automnale &#8211; Vieux Qu\u00e9bec<\/p>\n","protected":false},"excerpt":{"rendered":"<p>C\u00e9r\u00e9monie de mariage automnale &#8211; Vieux Qu\u00e9bec<\/p>\n","protected":false},"author":2,"featured_media":1825,"menu_order":0,"comment_status":"closed","ping_status":"closed","template":"","format":"standard","meta":{"footnotes":""},"portfolio_category":[19,25],"portfolio_skills":[],"portfolio_tags":[],"class_list":["post-3719","avada_portfolio","type-avada_portfolio","status-publish","format-standard","has-post-thumbnail","hentry","portfolio_category-photos-ceremonies-religieuses-et-civiles","portfolio_category-ville-de-quebec"],"aioseo_notices":[],"_links":{"self":[{"href":"https:\/\/isabelleradford.com\/fr\/wp-json\/wp\/v2\/avada_portfolio\/3719","targetHints":{"allow":["GET"]}}],"collection":[{"href":"https:\/\/isabelleradford.com\/fr\/wp-json\/wp\/v2\/avada_portfolio"}],"about":[{"href":"https:\/\/isabelleradford.com\/fr\/wp-json\/wp\/v2\/types\/avada_portfolio"}],"author":[{"embeddable":true,"href":"https:\/\/isabelleradford.com\/fr\/wp-json\/wp\/v2\/users\/2"}],"replies":[{"embeddable":true,"href":"https:\/\/isabelleradford.com\/fr\/wp-json\/wp\/v2\/comments?post=3719"}],"version-history":[{"count":2,"href":"https:\/\/isabelleradford.com\/fr\/wp-json\/wp\/v2\/avada_portfolio\/3719\/revisions"}],"predecessor-version":[{"id":5932,"href":"https:\/\/isabelleradford.com\/fr\/wp-json\/wp\/v2\/avada_portfolio\/3719\/revisions\/5932"}],"wp:featuredmedia":[{"embeddable":true,"href":"https:\/\/isabelleradford.com\/fr\/wp-json\/wp\/v2\/media\/1825"}],"wp:attachment":[{"href":"https:\/\/isabelleradford.com\/fr\/wp-json\/wp\/v2\/media?parent=3719"}],"wp:term":[{"taxonomy":"portfolio_category","embeddable":true,"href":"https:\/\/isabelleradford.com\/fr\/wp-json\/wp\/v2\/portfolio_category?post=3719"},{"taxonomy":"portfolio_skills","embeddable":true,"href":"https:\/\/isabelleradford.com\/fr\/wp-json\/wp\/v2\/portfolio_skills?post=3719"},{"taxonomy":"portfolio_tags","embeddable":true,"href":"https:\/\/isabelleradford.com\/fr\/wp-json\/wp\/v2\/portfolio_tags?post=3719"}],"curies":[{"name":"wp","href":"https:\/\/api.w.org\/{rel}","templated":true}]}}

Cérémonie de mariage automnale

<p>Cérémonie de mariage automnale &#8211; Vieux Québec</p>
