{"id":3252,"date":"2014-11-04T09:17:39","date_gmt":"2014-11-04T14:17:39","guid":{"rendered":"https:\/\/isabelleradford.com\/?post_type=avada_portfolio&#038;p=3252"},"modified":"2014-11-04T09:25:04","modified_gmt":"2014-11-04T14:25:04","slug":"sandra-yvan-quebec-mariage-intime-le-31-aout-2014","status":"publish","type":"avada_portfolio","link":"https:\/\/isabelleradford.com\/fr\/portfolio-items\/sandra-yvan-quebec-mariage-intime-le-31-aout-2014\/","title":{"rendered":"Sandra &#038; Yvan, Qu\u00e9bec. Un mariage intime c\u00e9l\u00e9br\u00e9 le 31 ao\u00fbt 2014"},"content":{"rendered":"<p>\n&laquo;&nbsp;Bonjour madame Radford,<\/p>\n<p>Nous vous remercions d&rsquo;avoir fait en sorte que la journ\u00e9e de notre mariage en soit une qui sera \u00e0 jamais graver dans nos m\u00e9moires. Merci d&rsquo;avoir pris du temps pour nous rencontrer, nous parler et pris en compte chacun de nos besoins pour cette magnifique journ\u00e9e. Ce fut un mariage de r\u00eave, rempli d&rsquo; \u00e9motion et romantique \u00e0 souhait, comme nous le souhaitions. Tous nos invit\u00e9s ont \u00e9t\u00e9 emball\u00e9s, charm\u00e9s par la c\u00e9r\u00e9monie, la musique, le d\u00e9cor et le c\u00e9l\u00e9brant etc. Nos photos sont superbes, elles nous rappellerons toujours cette journ\u00e9e remarquable. Merci pour vos bonnes suggestions!  Nous vous souhaitons de continuer longtemps votre beau travail avec les amoureux, car vous \u00eates passer ma\u00eetre dans l&rsquo;art et vous le faites avec passion et coeur.<\/p>\n<p>Merci infiniment!!!<\/p>\n<p>Sandra et Yvan&nbsp;&raquo;<\/p>\n","protected":false},"excerpt":{"rendered":"<p>&laquo;&nbsp;Bonjour madame Radford, Nous vous remercions d&rsquo;avoir fait en sorte  [&#8230;]<\/p>\n","protected":false},"author":2,"featured_media":3253,"menu_order":0,"comment_status":"closed","ping_status":"closed","template":"","format":"standard","meta":{"footnotes":""},"portfolio_category":[20],"portfolio_skills":[],"portfolio_tags":[],"class_list":["post-3252","avada_portfolio","type-avada_portfolio","status-publish","format-standard","has-post-thumbnail","hentry","portfolio_category-temoignages"],"aioseo_notices":[],"_links":{"self":[{"href":"https:\/\/isabelleradford.com\/fr\/wp-json\/wp\/v2\/avada_portfolio\/3252","targetHints":{"allow":["GET"]}}],"collection":[{"href":"https:\/\/isabelleradford.com\/fr\/wp-json\/wp\/v2\/avada_portfolio"}],"about":[{"href":"https:\/\/isabelleradford.com\/fr\/wp-json\/wp\/v2\/types\/avada_portfolio"}],"author":[{"embeddable":true,"href":"https:\/\/isabelleradford.com\/fr\/wp-json\/wp\/v2\/users\/2"}],"replies":[{"embeddable":true,"href":"https:\/\/isabelleradford.com\/fr\/wp-json\/wp\/v2\/comments?post=3252"}],"version-history":[{"count":2,"href":"https:\/\/isabelleradford.com\/fr\/wp-json\/wp\/v2\/avada_portfolio\/3252\/revisions"}],"predecessor-version":[{"id":3259,"href":"https:\/\/isabelleradford.com\/fr\/wp-json\/wp\/v2\/avada_portfolio\/3252\/revisions\/3259"}],"wp:featuredmedia":[{"embeddable":true,"href":"https:\/\/isabelleradford.com\/fr\/wp-json\/wp\/v2\/media\/3253"}],"wp:attachment":[{"href":"https:\/\/isabelleradford.com\/fr\/wp-json\/wp\/v2\/media?parent=3252"}],"wp:term":[{"taxonomy":"portfolio_category","embeddable":true,"href":"https:\/\/isabelleradford.com\/fr\/wp-json\/wp\/v2\/portfolio_category?post=3252"},{"taxonomy":"portfolio_skills","embeddable":true,"href":"https:\/\/isabelleradford.com\/fr\/wp-json\/wp\/v2\/portfolio_skills?post=3252"},{"taxonomy":"portfolio_tags","embeddable":true,"href":"https:\/\/isabelleradford.com\/fr\/wp-json\/wp\/v2\/portfolio_tags?post=3252"}],"curies":[{"name":"wp","href":"https:\/\/api.w.org\/{rel}","templated":true}]}}

Sandra &#038; Yvan, Québec. Un mariage intime célébré le 31 août 2014

<p>
&laquo;&nbsp;Bonjour madame Radford,</p>
<p>Nous vous remercions d&rsquo;avoir fait en sorte que la journée de notre mariage en soit une qui sera à jamais graver dans nos mémoires. Merci d&rsquo;avoir pris du temps pour nous rencontrer, nous parler et pris en compte chacun de nos besoins pour cette magnifique journée. Ce fut un mariage de rêve, rempli d&rsquo; émotion et romantique à souhait, comme nous le souhaitions. Tous nos invités ont été emballés, charmés par la cérémonie, la musique, le décor et le célébrant etc. Nos photos sont superbes, elles nous rappellerons toujours cette journée remarquable. Merci pour vos bonnes suggestions!  Nous vous souhaitons de continuer longtemps votre beau travail avec les amoureux, car vous êtes passer maître dans l&rsquo;art et vous le faites avec passion et coeur.</p>
<p>Merci infiniment!!!</p>
<p>Sandra et Yvan&nbsp;&raquo;</p>
